{"id":5476,"date":"2023-10-24T08:11:45","date_gmt":"2023-10-24T08:11:45","guid":{"rendered":"https:\/\/recrutamento.santosmonteiro.com\/app\/?page_id=5476"},"modified":"2023-10-24T08:14:14","modified_gmt":"2023-10-24T08:14:14","slug":"exercicio-de-direito","status":"publish","type":"page","link":"https:\/\/recrutamento.santosmonteiro.com\/?page_id=5476","title":{"rendered":"Exerc\u00edcio de Direito"},"content":{"rendered":"<div class=\"forminator-ui forminator-custom-form forminator-custom-form-9 forminator-design--flat  forminator_ajax\" data-forminator-render=\"0\" data-form=\"forminator-module-9\" data-uid=\"6a070df81259e\"><br\/><\/div><form\n\t\t\t\tid=\"forminator-module-9\"\n\t\t\t\tclass=\"forminator-ui forminator-custom-form forminator-custom-form-9 forminator-design--flat  forminator_ajax\"\n\t\t\t\tmethod=\"post\"\n\t\t\t\tdata-forminator-render=\"0\"\n\t\t\t\tdata-form-id=\"9\"\n\t\t\t\t\n\t\t\t\tdata-design=\"flat\"\n\t\t\t\t\n\t\t\t\t\n\t\t\t\t\n\t\t\t\tdata-grid=\"open\"\n\t\t\t\t\n\t\t\t\t\n\t\t\t\tstyle=\"display: none;\"\n\t\t\t\t\n\t\t\t\tdata-uid=\"6a070df81259e\"\n\t\t\t><div role=\"alert\" aria-live=\"polite\" class=\"forminator-response-message forminator-error\" aria-hidden=\"true\"><\/div><div class=\"forminator-row\"><div id=\"email-1\" class=\"forminator-field-email forminator-col forminator-col-12 \"><div class=\"forminator-field\"><label for=\"forminator-field-email-1_6a070df81259e\" id=\"forminator-field-email-1_6a070df81259e-label\" class=\"forminator-label\">Email Address <span class=\"forminator-required\">*<\/span><\/label><input type=\"email\" name=\"email-1\" value=\"\" placeholder=\"Ex: john@doe.com\" id=\"forminator-field-email-1_6a070df81259e\" class=\"forminator-input forminator-email--field\" data-required=\"1\" aria-required=\"true\" \/><\/div><\/div><\/div><div class=\"forminator-row\"><div id=\"name-1\" class=\"forminator-field-name forminator-col forminator-col-12 \"><div class=\"forminator-field\"><label for=\"forminator-field-name-1_6a070df81259e\" id=\"forminator-field-name-1_6a070df81259e-label\" class=\"forminator-label\">Nome <span class=\"forminator-required\">*<\/span><\/label><input type=\"text\" name=\"name-1\" value=\"\" placeholder=\"Ex: Antonio Manuel Gomes\" id=\"forminator-field-name-1_6a070df81259e\" class=\"forminator-input forminator-name--field\" aria-required=\"true\" \/><\/div><\/div><\/div><div class=\"forminator-row\"><div id=\"checkbox-1\" class=\"forminator-field-checkbox forminator-col forminator-col-12 \"><div role=\"group\" class=\"forminator-field required\" aria-labelledby=\"forminator-checkbox-group-forminator-field-checkbox-1-6a070df81259e-label\"><span id=\"forminator-checkbox-group-forminator-field-checkbox-1-6a070df81259e-label\" class=\"forminator-label\">Na qualidade de titular de dados, na sequ\u00eancia dos meus dados pessoais recolhidos por V. Exas. para efeitos de tratamento dos mesmos, venho por este meio, pelos poderes que detenho nos termos dos arts. 12.\u00ba e seguintes do RGPD, exercer o seguinte direito (marcar com X o direito que pretendo exercer): <span class=\"forminator-required\">*<\/span><\/span><label id=\"forminator-field-checkbox-1-1-6a070df81259e-label\" for=\"forminator-field-checkbox-1-1-6a070df81259e\" class=\"forminator-checkbox\" title=\"O direito a ser informado;\"><input type=\"checkbox\" name=\"checkbox-1[]\" value=\"one\" id=\"forminator-field-checkbox-1-1-6a070df81259e\" aria-labelledby=\"forminator-field-checkbox-1-1-6a070df81259e-label\" data-calculation=\"0\"  \/><span class=\"forminator-checkbox-box\" aria-hidden=\"true\"><\/span><span class=\"forminator-checkbox-label\">O direito a ser informado;<\/span><\/label><label id=\"forminator-field-checkbox-1-2-6a070df81259e-label\" for=\"forminator-field-checkbox-1-2-6a070df81259e\" class=\"forminator-checkbox\" title=\"O direito de acesso aos meus dados;\"><input type=\"checkbox\" name=\"checkbox-1[]\" value=\"two\" id=\"forminator-field-checkbox-1-2-6a070df81259e\" aria-labelledby=\"forminator-field-checkbox-1-2-6a070df81259e-label\" data-calculation=\"0\"  \/><span class=\"forminator-checkbox-box\" aria-hidden=\"true\"><\/span><span class=\"forminator-checkbox-label\">O direito de acesso aos meus dados;<\/span><\/label><label id=\"forminator-field-checkbox-1-3-6a070df81259e-label\" for=\"forminator-field-checkbox-1-3-6a070df81259e\" class=\"forminator-checkbox\" title=\"O direito \u00e0 retifica\u00e7\u00e3o do meus dados;\"><input type=\"checkbox\" name=\"checkbox-1[]\" value=\"O-direito-\u00e0-retifica\u00e7\u00e3o-do-meus-dados;\" id=\"forminator-field-checkbox-1-3-6a070df81259e\" aria-labelledby=\"forminator-field-checkbox-1-3-6a070df81259e-label\" data-calculation=\"0\"  \/><span class=\"forminator-checkbox-box\" aria-hidden=\"true\"><\/span><span class=\"forminator-checkbox-label\">O direito \u00e0 retifica\u00e7\u00e3o do meus dados;<\/span><\/label><label id=\"forminator-field-checkbox-1-4-6a070df81259e-label\" for=\"forminator-field-checkbox-1-4-6a070df81259e\" class=\"forminator-checkbox\" title=\"O direito ao esquecimento\/apagamento;\"><input type=\"checkbox\" name=\"checkbox-1[]\" value=\"O-direito-ao-esquecimento-apagamento;\" id=\"forminator-field-checkbox-1-4-6a070df81259e\" aria-labelledby=\"forminator-field-checkbox-1-4-6a070df81259e-label\" data-calculation=\"0\"  \/><span class=\"forminator-checkbox-box\" aria-hidden=\"true\"><\/span><span class=\"forminator-checkbox-label\">O direito ao esquecimento\/apagamento;<\/span><\/label><label id=\"forminator-field-checkbox-1-5-6a070df81259e-label\" for=\"forminator-field-checkbox-1-5-6a070df81259e\" class=\"forminator-checkbox\" title=\"O direito \u00e0 restri\u00e7\u00e3o de processamento;\"><input type=\"checkbox\" name=\"checkbox-1[]\" value=\"O-direito-\u00e0-restri\u00e7\u00e3o-de-processamento;\" id=\"forminator-field-checkbox-1-5-6a070df81259e\" aria-labelledby=\"forminator-field-checkbox-1-5-6a070df81259e-label\" data-calculation=\"0\"  \/><span class=\"forminator-checkbox-box\" aria-hidden=\"true\"><\/span><span class=\"forminator-checkbox-label\">O direito \u00e0 restri\u00e7\u00e3o de processamento;<\/span><\/label><label id=\"forminator-field-checkbox-1-6-6a070df81259e-label\" for=\"forminator-field-checkbox-1-6-6a070df81259e\" class=\"forminator-checkbox\" title=\"O direito \u00e0 portabilidade dos dados;\"><input type=\"checkbox\" name=\"checkbox-1[]\" value=\"O-direito-\u00e0-portabilidade-dos-dados;\" id=\"forminator-field-checkbox-1-6-6a070df81259e\" aria-labelledby=\"forminator-field-checkbox-1-6-6a070df81259e-label\" data-calculation=\"0\"  \/><span class=\"forminator-checkbox-box\" aria-hidden=\"true\"><\/span><span class=\"forminator-checkbox-label\">O direito \u00e0 portabilidade dos dados;<\/span><\/label><label id=\"forminator-field-checkbox-1-7-6a070df81259e-label\" for=\"forminator-field-checkbox-1-7-6a070df81259e\" class=\"forminator-checkbox\" title=\"O direito de oposi\u00e7\u00e3o;\"><input type=\"checkbox\" name=\"checkbox-1[]\" value=\"O-direito-de-oposi\u00e7\u00e3o;\" id=\"forminator-field-checkbox-1-7-6a070df81259e\" aria-labelledby=\"forminator-field-checkbox-1-7-6a070df81259e-label\" data-calculation=\"0\"  \/><span class=\"forminator-checkbox-box\" aria-hidden=\"true\"><\/span><span class=\"forminator-checkbox-label\">O direito de oposi\u00e7\u00e3o;<\/span><\/label><label id=\"forminator-field-checkbox-1-8-6a070df81259e-label\" for=\"forminator-field-checkbox-1-8-6a070df81259e\" class=\"forminator-checkbox\" title=\"Direitos de oposi\u00e7\u00e3o a decis\u00f5es individuais automatizadas, incluindo defini\u00e7\u00e3o de perfis.\"><input type=\"checkbox\" name=\"checkbox-1[]\" value=\"Direitos-de-oposi\u00e7\u00e3o-a-decis\u00f5es-individuais-automatizadas,-incluindo-defini\u00e7\u00e3o-de-perfis.\" id=\"forminator-field-checkbox-1-8-6a070df81259e\" aria-labelledby=\"forminator-field-checkbox-1-8-6a070df81259e-label\" data-calculation=\"0\"  \/><span class=\"forminator-checkbox-box\" aria-hidden=\"true\"><\/span><span class=\"forminator-checkbox-label\">Direitos de oposi\u00e7\u00e3o a decis\u00f5es individuais automatizadas, incluindo defini\u00e7\u00e3o de perfis.<\/span><\/label><\/div><\/div><\/div><div class=\"forminator-row\"><div id=\"textarea-1\" class=\"forminator-field-textarea forminator-col forminator-col-12 \"><div class=\"forminator-field\"><label for=\"forminator-field-textarea-1_6a070df81259e\" id=\"forminator-field-textarea-1_6a070df81259e-label\" class=\"forminator-label\">Pretendo que o direito(s) mencionado(s) seja exercido da seguinte Forma: <span class=\"forminator-required\">*<\/span><\/label><textarea name=\"textarea-1\" placeholder=\"\" id=\"forminator-field-textarea-1_6a070df81259e\" class=\"forminator-textarea\" rows=\"6\" style=\"min-height:140px;\" maxlength=\"180\" ><\/textarea><span id=\"forminator-field-textarea-1_6a070df81259e-description\" class=\"forminator-description\"><span data-limit=\"180\" data-type=\"characters\" data-editor=\"\">0 \/ 180<\/span><\/span><\/div><\/div><\/div><div class=\"forminator-row\"><div id=\"date-1\" class=\"forminator-field-date forminator-col forminator-col-12 \"><label for=\"forminator-field-date-1\" id=\"forminator-field-date-1-label\" class=\"forminator-label\">Data <span class=\"forminator-required\">*<\/span><\/label><div class=\"forminator-date-select\"><div class=\"forminator-row\" data-multiple=\"true\"><div id=\"date-1-day\" class=\"forminator-col\"><div class=\"forminator-field\"><label for=\"forminator-field-9__field--date-1-day_6a070df81259e\" id=\"forminator-field-9__field--date-1-day_6a070df81259e-label\" class=\"forminator-label\">Dia<\/label><select name=\"date-1-day\" id=\"forminator-field-9__field--date-1-day_6a070df81259e\" class=\"forminator-select2\" data-format=\"dd\/mm\/yy\" data-parent=\"date-1\" aria-labelledby=\"forminator-field-9__field--date-1-day_6a070df81259e-label\" data-default-value=\"15\"><option value=\"\" >Select day<\/option><option value=\"1\" >1<\/option><option value=\"2\" >2<\/option><option value=\"3\" >3<\/option><option value=\"4\" >4<\/option><option value=\"5\" >5<\/option><option value=\"6\" >6<\/option><option value=\"7\" >7<\/option><option value=\"8\" >8<\/option><option value=\"9\" >9<\/option><option value=\"10\" >10<\/option><option value=\"11\" >11<\/option><option value=\"12\" >12<\/option><option value=\"13\" >13<\/option><option value=\"14\" >14<\/option><option value=\"15\" selected=\"selected\">15<\/option><option value=\"16\" >16<\/option><option value=\"17\" >17<\/option><option value=\"18\" >18<\/option><option value=\"19\" >19<\/option><option value=\"20\" >20<\/option><option value=\"21\" >21<\/option><option value=\"22\" >22<\/option><option value=\"23\" >23<\/option><option value=\"24\" >24<\/option><option value=\"25\" >25<\/option><option value=\"26\" >26<\/option><option value=\"27\" >27<\/option><option value=\"28\" >28<\/option><option value=\"29\" >29<\/option><option value=\"30\" >30<\/option><option value=\"31\" >31<\/option><\/select><\/div><\/div><div id=\"date-1-month\" class=\"forminator-col\"><div class=\"forminator-field\"><label for=\"forminator-field-9__field--date-1-month_6a070df81259e\" id=\"forminator-field-9__field--date-1-month_6a070df81259e-label\" class=\"forminator-label\">M\u00eas<\/label><select name=\"date-1-month\" id=\"forminator-field-9__field--date-1-month_6a070df81259e\" class=\"forminator-select2\" data-format=\"dd\/mm\/yy\" data-parent=\"date-1\" aria-labelledby=\"forminator-field-9__field--date-1-month_6a070df81259e-label\" data-default-value=\"5\"><option value=\"\" >Select month<\/option><option value=\"1\" >1<\/option><option value=\"2\" >2<\/option><option value=\"3\" >3<\/option><option value=\"4\" >4<\/option><option value=\"5\" selected=\"selected\">5<\/option><option value=\"6\" >6<\/option><option value=\"7\" >7<\/option><option value=\"8\" >8<\/option><option value=\"9\" >9<\/option><option value=\"10\" >10<\/option><option value=\"11\" >11<\/option><option value=\"12\" >12<\/option><\/select><\/div><\/div><div id=\"date-1-year\" class=\"forminator-col\"><div class=\"forminator-field\"><label for=\"forminator-field-9__field--date-1-year_6a070df81259e\" id=\"forminator-field-9__field--date-1-year_6a070df81259e-label\" class=\"forminator-label\">Ano<\/label><select name=\"date-1-year\" id=\"forminator-field-9__field--date-1-year_6a070df81259e\" class=\"forminator-select2\" data-format=\"dd\/mm\/yy\" data-parent=\"date-1\" aria-labelledby=\"forminator-field-9__field--date-1-year_6a070df81259e-label\" data-default-value=\"2026\"><option value=\"\" >Select Year<\/option><option value=\"2126\" >2126<\/option><option value=\"2125\" >2125<\/option><option value=\"2124\" >2124<\/option><option value=\"2123\" >2123<\/option><option value=\"2122\" >2122<\/option><option value=\"2121\" >2121<\/option><option value=\"2120\" >2120<\/option><option value=\"2119\" >2119<\/option><option value=\"2118\" >2118<\/option><option value=\"2117\" >2117<\/option><option value=\"2116\" >2116<\/option><option value=\"2115\" >2115<\/option><option value=\"2114\" >2114<\/option><option value=\"2113\" >2113<\/option><option value=\"2112\" >2112<\/option><option value=\"2111\" >2111<\/option><option value=\"2110\" >2110<\/option><option value=\"2109\" >2109<\/option><option value=\"2108\" >2108<\/option><option value=\"2107\" >2107<\/option><option value=\"2106\" >2106<\/option><option value=\"2105\" >2105<\/option><option value=\"2104\" >2104<\/option><option value=\"2103\" >2103<\/option><option value=\"2102\" >2102<\/option><option value=\"2101\" >2101<\/option><option value=\"2100\" >2100<\/option><option value=\"2099\" >2099<\/option><option value=\"2098\" >2098<\/option><option value=\"2097\" >2097<\/option><option value=\"2096\" >2096<\/option><option value=\"2095\" >2095<\/option><option value=\"2094\" >2094<\/option><option value=\"2093\" >2093<\/option><option value=\"2092\" >2092<\/option><option value=\"2091\" >2091<\/option><option value=\"2090\" >2090<\/option><option value=\"2089\" >2089<\/option><option value=\"2088\" >2088<\/option><option value=\"2087\" >2087<\/option><option value=\"2086\" >2086<\/option><option value=\"2085\" >2085<\/option><option value=\"2084\" >2084<\/option><option value=\"2083\" >2083<\/option><option value=\"2082\" >2082<\/option><option value=\"2081\" >2081<\/option><option value=\"2080\" >2080<\/option><option value=\"2079\" >2079<\/option><option value=\"2078\" >2078<\/option><option value=\"2077\" >2077<\/option><option value=\"2076\" >2076<\/option><option value=\"2075\" >2075<\/option><option value=\"2074\" >2074<\/option><option value=\"2073\" >2073<\/option><option value=\"2072\" >2072<\/option><option value=\"2071\" >2071<\/option><option value=\"2070\" >2070<\/option><option value=\"2069\" >2069<\/option><option value=\"2068\" >2068<\/option><option value=\"2067\" >2067<\/option><option value=\"2066\" >2066<\/option><option value=\"2065\" >2065<\/option><option value=\"2064\" >2064<\/option><option value=\"2063\" >2063<\/option><option value=\"2062\" >2062<\/option><option value=\"2061\" >2061<\/option><option value=\"2060\" >2060<\/option><option value=\"2059\" >2059<\/option><option value=\"2058\" >2058<\/option><option value=\"2057\" >2057<\/option><option value=\"2056\" >2056<\/option><option value=\"2055\" >2055<\/option><option value=\"2054\" >2054<\/option><option value=\"2053\" >2053<\/option><option value=\"2052\" >2052<\/option><option value=\"2051\" >2051<\/option><option value=\"2050\" >2050<\/option><option value=\"2049\" >2049<\/option><option value=\"2048\" >2048<\/option><option value=\"2047\" >2047<\/option><option value=\"2046\" >2046<\/option><option value=\"2045\" >2045<\/option><option value=\"2044\" >2044<\/option><option value=\"2043\" >2043<\/option><option value=\"2042\" >2042<\/option><option value=\"2041\" >2041<\/option><option value=\"2040\" >2040<\/option><option value=\"2039\" >2039<\/option><option value=\"2038\" >2038<\/option><option value=\"2037\" >2037<\/option><option value=\"2036\" >2036<\/option><option value=\"2035\" >2035<\/option><option value=\"2034\" >2034<\/option><option value=\"2033\" >2033<\/option><option value=\"2032\" >2032<\/option><option value=\"2031\" >2031<\/option><option value=\"2030\" >2030<\/option><option value=\"2029\" >2029<\/option><option value=\"2028\" >2028<\/option><option value=\"2027\" >2027<\/option><option value=\"2026\" selected=\"selected\">2026<\/option><option value=\"2025\" >2025<\/option><option value=\"2024\" >2024<\/option><option value=\"2023\" >2023<\/option><option value=\"2022\" >2022<\/option><option value=\"2021\" >2021<\/option><option value=\"2020\" >2020<\/option><option value=\"2019\" >2019<\/option><option value=\"2018\" >2018<\/option><option value=\"2017\" >2017<\/option><option value=\"2016\" >2016<\/option><option value=\"2015\" >2015<\/option><option value=\"2014\" >2014<\/option><option value=\"2013\" >2013<\/option><option value=\"2012\" >2012<\/option><option value=\"2011\" >2011<\/option><option value=\"2010\" >2010<\/option><option value=\"2009\" >2009<\/option><option value=\"2008\" >2008<\/option><option value=\"2007\" >2007<\/option><option value=\"2006\" >2006<\/option><option value=\"2005\" >2005<\/option><option value=\"2004\" >2004<\/option><option value=\"2003\" >2003<\/option><option value=\"2002\" >2002<\/option><option value=\"2001\" >2001<\/option><option value=\"2000\" >2000<\/option><option value=\"1999\" >1999<\/option><option value=\"1998\" >1998<\/option><option value=\"1997\" >1997<\/option><option value=\"1996\" >1996<\/option><option value=\"1995\" >1995<\/option><option value=\"1994\" >1994<\/option><option value=\"1993\" >1993<\/option><option value=\"1992\" >1992<\/option><option value=\"1991\" >1991<\/option><option value=\"1990\" >1990<\/option><option value=\"1989\" >1989<\/option><option value=\"1988\" >1988<\/option><option value=\"1987\" >1987<\/option><option value=\"1986\" >1986<\/option><option value=\"1985\" >1985<\/option><option value=\"1984\" >1984<\/option><option value=\"1983\" >1983<\/option><option value=\"1982\" >1982<\/option><option value=\"1981\" >1981<\/option><option value=\"1980\" >1980<\/option><option value=\"1979\" >1979<\/option><option value=\"1978\" >1978<\/option><option value=\"1977\" >1977<\/option><option value=\"1976\" >1976<\/option><option value=\"1975\" >1975<\/option><option value=\"1974\" >1974<\/option><option value=\"1973\" >1973<\/option><option value=\"1972\" >1972<\/option><option value=\"1971\" >1971<\/option><option value=\"1970\" >1970<\/option><option value=\"1969\" >1969<\/option><option value=\"1968\" >1968<\/option><option value=\"1967\" >1967<\/option><option value=\"1966\" >1966<\/option><option value=\"1965\" >1965<\/option><option value=\"1964\" >1964<\/option><option value=\"1963\" >1963<\/option><option value=\"1962\" >1962<\/option><option value=\"1961\" >1961<\/option><option value=\"1960\" >1960<\/option><option value=\"1959\" >1959<\/option><option value=\"1958\" >1958<\/option><option value=\"1957\" >1957<\/option><option value=\"1956\" >1956<\/option><option value=\"1955\" >1955<\/option><option value=\"1954\" >1954<\/option><option value=\"1953\" >1953<\/option><option value=\"1952\" >1952<\/option><option value=\"1951\" >1951<\/option><option value=\"1950\" >1950<\/option><option value=\"1949\" >1949<\/option><option value=\"1948\" >1948<\/option><option value=\"1947\" >1947<\/option><option value=\"1946\" >1946<\/option><option value=\"1945\" >1945<\/option><option value=\"1944\" >1944<\/option><option value=\"1943\" >1943<\/option><option value=\"1942\" >1942<\/option><option value=\"1941\" >1941<\/option><option value=\"1940\" >1940<\/option><option value=\"1939\" >1939<\/option><option value=\"1938\" >1938<\/option><option value=\"1937\" >1937<\/option><option value=\"1936\" >1936<\/option><option value=\"1935\" >1935<\/option><option value=\"1934\" >1934<\/option><option value=\"1933\" >1933<\/option><option value=\"1932\" >1932<\/option><option value=\"1931\" >1931<\/option><option value=\"1930\" >1930<\/option><option value=\"1929\" >1929<\/option><option value=\"1928\" >1928<\/option><option value=\"1927\" >1927<\/option><option value=\"1926\" >1926<\/option><\/select><\/div><\/div><\/div><\/div><\/div><\/div><div class=\"forminator-row\"><div id=\"consent-1\" class=\"forminator-field-consent forminator-col forminator-col-12 \"><div class=\"forminator-field\"><label for=\"forminator-field-consent-1_6a070df81259e\" id=\"forminator-field-consent-1_6a070df81259e-label\" class=\"forminator-label\">Li e aceito as Politicas de Privacidade. <span class=\"forminator-required\">*<\/span><\/label><div class=\"forminator-checkbox__wrapper\"><label id=\"forminator-field-consent-1_6a070df81259e__label\" class=\"forminator-checkbox forminator-consent\" aria-labelledby=\"forminator-field-consent-1_6a070df81259e-label\" aria-hidden=\"true\"><input type=\"checkbox\" name=\"consent-1\" id=\"forminator-field-consent-1_6a070df81259e\" value=\"checked\" aria-labelledby=\"forminator-field-consent-1_6a070df81259e-label\" aria-describedby=\"forminator-field-consent-1_6a070df81259e__description\" data-required=\"true\" aria-required=\"true\" \/><span class=\"forminator-checkbox-box\" aria-hidden=\"true\"><\/span><\/label><div id=\"forminator-field-consent-1_6a070df81259e__description\" class=\"forminator-checkbox__label forminator-consent__label\"><p><span style=\"vertical-align: inherit\">Sim, concordo com a <\/span><a href=\"https:\/\/www.recrutamento.santosmonteiro.com\/?page_id=3\"><span style=\"vertical-align: inherit\">p<\/span><span style=\"vertical-align: inherit\">ol\u00edtica de privacidade<\/span><\/a><span style=\"vertical-align: inherit\">.<\/span><\/p><\/div><\/div><\/div><\/div><\/div><div class=\"forminator-row\"><div id=\"captcha-1\" class=\"forminator-field-captcha forminator-col forminator-col-12 \"><div class=\"forminator-captcha-left forminator-g-recaptcha recaptcha-invisible\" data-theme=\"light\" data-badge=\"bottomright\" data-sitekey=\"6Ld0Y60pAAAAAErxyVaG0q-eS0B7ypTfdjpf78ap\" data-size=\"invisible\"><\/div> <\/div><\/div><input type=\"hidden\" name=\"referer_url\" value=\"\" \/><div class=\"forminator-row forminator-row-last\"><div class=\"forminator-col\"><div class=\"forminator-field\"><button class=\"forminator-button forminator-button-submit\">Enviar<\/button><\/div><\/div><\/div><input type=\"hidden\" id=\"forminator_nonce\" name=\"forminator_nonce\" value=\"64979de655\" \/><input type=\"hidden\" name=\"_wp_http_referer\" value=\"\/index.php?rest_route=%2Fwp%2Fv2%2Fpages%2F5476\" \/><input type=\"hidden\" name=\"form_id\" value=\"9\"><input type=\"hidden\" name=\"page_id\" value=\"5476\"><input type=\"hidden\" name=\"form_type\" value=\"default\"><input type=\"hidden\" name=\"current_url\" value=\"https:\/\/recrutamento.santosmonteiro.com\/?page_id=5476\"><input type=\"hidden\" name=\"render_id\" value=\"0\"><input type=\"hidden\" name=\"action\" value=\"forminator_submit_form_custom-forms\"><\/form>\n","protected":false},"excerpt":{"rendered":"","protected":false},"author":1,"featured_media":0,"parent":0,"menu_order":0,"comment_status":"closed","ping_status":"closed","template":"","meta":{"footnotes":""},"class_list":["post-5476","page","type-page","status-publish","hentry"],"_links":{"self":[{"href":"https:\/\/recrutamento.santosmonteiro.com\/index.php?rest_route=\/wp\/v2\/pages\/5476","targetHints":{"allow":["GET"]}}],"collection":[{"href":"https:\/\/recrutamento.santosmonteiro.com\/index.php?rest_route=\/wp\/v2\/pages"}],"about":[{"href":"https:\/\/recrutamento.santosmonteiro.com\/index.php?rest_route=\/wp\/v2\/types\/page"}],"author":[{"embeddable":true,"href":"https:\/\/recrutamento.santosmonteiro.com\/index.php?rest_route=\/wp\/v2\/users\/1"}],"replies":[{"embeddable":true,"href":"https:\/\/recrutamento.santosmonteiro.com\/index.php?rest_route=%2Fwp%2Fv2%2Fcomments&post=5476"}],"version-history":[{"count":2,"href":"https:\/\/recrutamento.santosmonteiro.com\/index.php?rest_route=\/wp\/v2\/pages\/5476\/revisions"}],"predecessor-version":[{"id":5479,"href":"https:\/\/recrutamento.santosmonteiro.com\/index.php?rest_route=\/wp\/v2\/pages\/5476\/revisions\/5479"}],"wp:attachment":[{"href":"https:\/\/recrutamento.santosmonteiro.com\/index.php?rest_route=%2Fwp%2Fv2%2Fmedia&parent=5476"}],"curies":[{"name":"wp","href":"https:\/\/api.w.org\/{rel}","templated":true}]}}